uppose 160 = 4*l - 0*l + d, 2*l - 90 = -3*d. What are the prime factors of l?
3, 13
Let x(b) be the second derivative of -b**5/20 + b**4/12 + 23*b**2/2 + 2*b. What are the prime factors of x(0)?
23
Suppose -2*s + 4 = -0*s. Let j = s + -1. What are the prime factors of j + (-1 - (2 + -11))?
3
Let p = -7 + 9. Let b(x) = 3*x**2 + 1. What are the prime factors of b(p)?
13
Let o(r) = -14*r**3 + 3*r**2 - 11*r + 53. Let b(j) = 5*j**3 - j**2 + 4*j - 18. Let z(d) = 11*b(d) + 4*o(d). List the prime factors of z(0).
2, 7
Suppose 5*m = m + 5*z + 471, -m = -3*z - 116. What are the prime factors of m?
7, 17
Let c(o) = -o - 3. Let j be c(-3). Suppose j = -3*f + f - 2*m + 4, 4*f - m - 8 = 0. What are the prime factors of f?
2
Let t = 10 - 6. Suppose 27 = o - t*w, 3*o - 2*w + 8 = 49. List the prime factors of o.
11
Suppose 0 = 4*m - z - 0*z - 4, -z - 4 = -3*m. Suppose m = 5*x - 2*x. Suppose -f - 5*y = -16, -f - 2*y + 2 + 8 = x. List the prime factors of f.
2, 3
Let l(m) = 11*m**2 - 9*m. Let p be l(5). Suppose -6*i = -i - p. List the prime factors of i.
2, 23
Let o be 5/((-20)/(-8)) + -37. Let q = 3 - o. List the prime factors of q.
2, 19
Suppose 2*u + 22 = -3*z - z, 0 = -5*u + z - 66. Let r = -13 - -7. Let l = r - u. List the prime factors of l.
7
Suppose i - 126 = -2*i. List the prime factors of i.
2, 3, 7
What are the prime factors of ((-10)/(-3))/(1/30)?
2, 5
Suppose -70 + 19 = -j. What are the prime factors of j?
3, 17
Let w = 6 + -1. List the prime factors of w.
5
Let f be 1/((-5 + 2)/15). Let p = f + 2. What are the prime factors of p/(3*(-1)/14)?
2, 7
Suppose y = c - 34, 2*y - 6*y = 16. What are the prime factors of c?
2, 3, 5
What are the prime factors of (-686)/21*(-3)/2?
7
Let q be -5 - -3 - (-5)/1. Suppose 0 = 5*i - 265 - 15. Suppose -q*l = l - i. What are the prime factors of l?
2, 7
List the prime factors of 12/(-10)*140/(-6).
2, 7
Suppose -4*f - l = -6*l + 12, -3*l = -12. Let k(n) = 0*n - 8*n + 4 + 3 + n**f + 2*n. List the prime factors of k(5).
2
Suppose -q + 0*q + 10 = 0. What are the prime factors of q*2*9/12?
3, 5
Let s(z) = -z**2 - 3*z + 4. Let h(m) = m + 1. Let w(c) = -h(c) + s(c). Let g be w(-4). List the prime factors of 2 + 0 + -2 + g.
3
Suppose 2*t + 2*f = -10, 6*t - 3*f = 2*t - 20. Let d be (1/(-1))/(1/t). Suppose 21 = -2*p + d*p. List the prime factors of p.
7
Suppose -90 + 278 = 4*l. What are the prime factors of l?
47
Let t(u) = u**3 - 29*u**2 + 11*u + 4. What are the prime factors of t(29)?
17, 19
Let w be 45/(-2) + 1/(-2). Let b = 39 + w. Suppose 0 = -0*i + 2*i - b. List the prime factors of i.
2
Let u = 11 + -21. Let o(l) = -l**2 - 14*l. What are the prime factors of o(u)?
2, 5
Let k be 2*-1*(-2)/(-4). Let n be (3/4)/(k/(-4)). List the prime factors of -9*n/(-3)*1.
3
Let c(k) = k - 5. Let o be c(10). Suppose 72 = -4*n + o*n. Suppose -4*v + 0*v = -n. What are the prime factors of v?
2, 3
Suppose 4*t = 2*r + 136, -2*t + 0*t - r + 72 = 0. What are the prime factors of t?
5, 7
Let t = -15 + 20. List the prime factors of t.
5
Let j = -193 + 329. What are the prime factors of j?
2, 17
Let q = 67 - 32. List the prime factors of q.
5, 7
Let y(s) = 14*s**3 + 2*s**2 - 2*s + 1. Let t be y(1). Suppose 2*u + 3*m + t = 0, 3*m + 15 = -4*u - u. Suppose x + 5 - 10 = u. What are the prime factors of x?
5
Let y(m) = -m**3 - m + 1. Let u be y(1). Let k be 1 - u - 0/1. Suppose -k*p = -23 + 7. List the prime factors of p.
2
Suppose -2*o + 6 = -3*l - 5, 0 = -2*o - 5*l - 13. Let s(p) = 9*p + 1. List the prime factors of s(o).
2, 5
Let a(v) = -3*v**3 - 5*v**3 + 1 + v**3 + 0. List the prime factors of a(-1).
2
Suppose 3*g = -0*g + 9. Suppose g*a - 6 - 9 = 0. What are the prime factors of a?
5
Let h(d) = 3*d - 3. Let q be h(2). Let s be q - -2 - 2/2. Suppose 0 = -2*n + 2*f - 6*f + 6, s*n - 36 = -2*f. List the prime factors of n.
11
Let n = -2 + 6. Suppose n*m - 2*m - 14 = 0. List the prime factors of m.
7
Let h be 3/6 - (-1)/(-2). Let i = -30 + 47. Let l = h + i. What are the prime factors of l?
17
Suppose 0 = v + 4*v - 5*h - 965, -2*v = 2*h - 386. Let s = v - 135. What are the prime factors of s?
2, 29
What are the prime factors of 234/15 + 10/25?
2
Let o be (-3)/(6/8) - -3. List the prime factors of (1 - 2) + (7 - o).
7
Suppose 0 = -4*z + 5 + 15. Suppose -5*v + z = -6*v, m - v = 23. What are the prime factors of m?
2, 3
Let b(q) = -5*q + 6. Let m = 7 - 11. What are the prime factors of b(m)?
2, 13
Let t(d) = 5*d**3 - 6*d**2 - 2*d - 1. Let o(p) = 11*p**3 - 13*p**2 - 5*p - 2. Let f(h) = -6*o(h) + 13*t(h). List the prime factors of f(-3).
2, 7
Let j = -1 - -1. Suppose 3*n - 70 + 16 = j. List the prime factors of n.
2, 3
Let j(r) = -2 + 1 + 6*r - 2 - 10. What are the prime factors of j(6)?
23
Let w = 946 + -603. What are the prime factors of w?
7
Suppose 2*m + 258 = 4*m. List the prime factors of m.
3, 43
Let k(m) = -m**3 - 3*m**2 - 2*m - 1. What are the prime factors of k(-3)?
5
Let o(a) = 23*a - 21. List the prime factors of o(5).
2, 47
Suppose 0 = -13*h + 14*h - 129. List the prime factors of h.
3, 43
What are the prime factors of 346/14 - (-2)/7?
5
Let g(l) = -l + 15. Let s(z) = -z**2 + 10. Let f be s(0). List the prime factors of g(f).
5
Suppose 125 = 5*i - 135. What are the prime factors of i?
2, 13
Suppose -3*v = -2*q + 3 - 11, 4*v - 5*q = 13. Suppose -6*t + v*t = -32. List the prime factors of t.
2
Suppose -144 = -j - 3*j. What are the prime factors of j?
2, 3
Suppose -4*w + 194 - 10 = 0. What are the prime factors of w?
2, 23
Let v = 5 + -3. Suppose v*i - p - 2*p = 7, 2*p - 6 = -4*i. Suppose -i*n = -2 - 2. List the prime factors of n.
2
Let m(j) = j**3 + 11*j**2 + 10*j + 3. Let u be m(-10). Suppose u*x = -2*x + 65. List the prime factors of x.
13
Let d be (-1)/1*(3 + -32). Suppose 4*x = w + 23, -5*x + w - 1 = -d. Suppose 3*z + x*n - 10 = 5*z, -4*z = -3*n - 8. List the prime factors of z.
5
Let z = 25 - 12. What are the prime factors of z?
13
Let d(y) = y. Let i be d(4). Suppose -56 = -i*g - 0*g. What are the prime factors of g?
2, 7
Let f be -1*(-1 - -16)/(-3). Suppose 0 = f*m + 5 - 0. List the prime factors of 1 - m/(-1 + 2).
2
Let x(y) = 2*y + 3. Let o be x(-3). Let z be o + (1 - (0 + 1)). What are the prime factors of 3/((3/(-5))/z)?
3, 5
Let q(a) be the second derivative of 5*a**4/12 + a**3/6 + a**2/2 - a. What are the prime factors of q(-2)?
19
Suppose -h + 4*h + 6 = 0. Let b be 0/2*(-1)/h. Suppose -f = -b*f - 5. List the prime factors of f.
5
Suppose 3*u - 13 = 107. Suppose -g + 6 = 2*c, g - 16 = -2*c + 5*g. Suppose 3*q = c*s - u, 4*s + 2*q - 40 = 3*q. List the prime factors of s.
2, 5
What are the prime factors of 30/3 + -4 + 3?
3
Suppose -5*f = 5*c + 10, 12 = -2*c - 5*f + f. Suppose c*z = -3*z + 25. Suppose 4*o + 2*k = -o + 31, -z*o + 33 = k. What are the prime factors of o?
7
Suppose -2*s - 28 = -2*a, 0*a + 3*a - 48 = -3*s. Suppose 3*f + a = 0, 2*o - 5*f - 40 = -3*o. Suppose o*q - 6 = 15. What are the prime factors of q?
7
Let h = -66 + 121. What are the prime factors of h?
5, 11
Let j(k) = k**3 - k**2 - 5*k - 2. Let u be j(-2). List the prime factors of 44/3 - u/(-6).
2, 7
Suppose -4*r + 13*r - 1116 = 0. What are the prime factors of r?
2, 31
Let j = -1 + -1. Suppose 2 = -v - 4*w - 0*w, 0 = -5*v - 3*w + 24. What are the prime factors of j*(-2 - 3/v)?
5
Suppose 10 + 9 = w. Suppose -s - 5*g = w, 3 = 2*s - 4*g - 1. Let z = s - -6. List the prime factors of z.
2
What are the prime factors of (-801)/(-4) + 7/112*-4?
2, 5
Let c = -94 - -184. List the prime factors of c.
2, 3, 5
Suppose 3*r + 1 - 7 = 0. Suppose v - 36 = -r*q, 5*q = -5*v + 91 - 1. Let n = q + -10. List the prime factors of n.
2
Let f(p) = p**3 - 6*p**2 + 2*p - 12. What are the prime factors of f(8)?
2, 3, 11
Suppose 0 = 4*m - 5*m + 4*x + 12, 4*m - 3*x - 9 = 0. Let r be 12/(-9)*3/(-2). Let g = m + r. What are the prime factors of g?
2
Suppose -k - 3*k + 3*d + 33 = 0, 2*d - 18 = -4*k. List the prime factors of k.
2, 3
Suppose 0 - 6 = -3*v. Suppose 2*y - 4*t + 41 = 5*y, -t + v = 0. Let u = y + -7. List the prime factors of u.
2
Suppose 0 = -11*u + 5*u. What are the prime factors of -3 + 9 - (0 + u)?
2, 3
Let m be -2 + (-5)/((-10)/(-6)). Let c(o) = -o**2 - 4*o - 1. Let p be c(m). Let n = p + 12. List the prime factors of n.
2, 3
Let w = 3 + 0. Suppose 0*d - w*d = 9. List the prim